{"id":99,"date":"2021-08-24T10:12:28","date_gmt":"2021-08-24T08:12:28","guid":{"rendered":"http:\/\/sandraleger.fr\/?page_id=99"},"modified":"2021-09-01T22:07:39","modified_gmt":"2021-09-01T20:07:39","slug":"la-therapie-de-couple","status":"publish","type":"page","link":"https:\/\/sandraleger.fr\/?page_id=99","title":{"rendered":"La th\u00e9rapie de couple"},"content":{"rendered":"<ul>\n<li style=\"text-align: justify;\">Vos id\u00e9es, vos besoins, vos projets de vie divergent,<\/li>\n<li style=\"text-align: justify;\">Vous ne vous comprenez plus, tout devient d\u00e9faut chez l &lsquo;autre,<\/li>\n<li style=\"text-align: justify;\">Vous vous trouvez dans une impasse,<\/li>\n<li style=\"text-align: justify;\">Vous rencontrez des difficult\u00e9s \u00e0 vous projeter dans votre couple,<\/li>\n<li style=\"text-align: justify;\">La communication est conflictuelle ou difficile,<\/li>\n<li style=\"text-align: justify;\">Un \u00e9v\u00e8nement de vie bouscule l&rsquo;\u00e9quilibre de votre couple&#8230;;<\/li>\n<\/ul>\n<p style=\"text-align: justify;\">La th\u00e9rapie\u00a0 de couple peut \u00eatre l&rsquo;espace dans lequel cela peut \u00eatre exprim\u00e9 afin de trouver des solutions pour surmonter ces obstacles du quotidien.<\/p>\n<p style=\"text-align: justify;\">L&rsquo;intervention d&rsquo;une personne ext\u00e9rieure peut faciliter les \u00e9changes et r\u00e9tablir la communication plus sereinement.<\/p>\n","protected":false},"excerpt":{"rendered":"<p>Vos id\u00e9es, vos besoins, vos projets de vie divergent, Vous ne vous comprenez plus, tout devient d\u00e9faut chez l &lsquo;autre, Vous vous trouvez dans une impasse, Vous rencontrez des difficult\u00e9s \u00e0 vous projeter dans votre couple, La communication est conflictuelle ou difficile, Un \u00e9v\u00e8nement de vie bouscule l&rsquo;\u00e9quilibre de votre couple&#8230;; La th\u00e9rapie\u00a0 de couple &hellip; <\/p>\n<p class=\"link-more\"><a href=\"https:\/\/sandraleger.fr\/?page_id=99\" class=\"more-link\">Continuer la lecture<span class=\"screen-reader-text\"> de &laquo;&nbsp;La th\u00e9rapie de couple&nbsp;&raquo;<\/span><\/a><\/p>\n","protected":false},"author":2,"featured_media":0,"parent":0,"menu_order":0,"comment_status":"closed","ping_status":"closed","template":"","meta":{"spay_email":""},"_links":{"self":[{"href":"https:\/\/sandraleger.fr\/index.php?rest_route=\/wp\/v2\/pages\/99"}],"collection":[{"href":"https:\/\/sandraleger.fr\/index.php?rest_route=\/wp\/v2\/pages"}],"about":[{"href":"https:\/\/sandraleger.fr\/index.php?rest_route=\/wp\/v2\/types\/page"}],"author":[{"embeddable":true,"href":"https:\/\/sandraleger.fr\/index.php?rest_route=\/wp\/v2\/users\/2"}],"replies":[{"embeddable":true,"href":"https:\/\/sandraleger.fr\/index.php?rest_route=%2Fwp%2Fv2%2Fcomments&post=99"}],"version-history":[{"count":4,"href":"https:\/\/sandraleger.fr\/index.php?rest_route=\/wp\/v2\/pages\/99\/revisions"}],"predecessor-version":[{"id":166,"href":"https:\/\/sandraleger.fr\/index.php?rest_route=\/wp\/v2\/pages\/99\/revisions\/166"}],"wp:attachment":[{"href":"https:\/\/sandraleger.fr\/index.php?rest_route=%2Fwp%2Fv2%2Fmedia&parent=99"}],"curies":[{"name":"wp","href":"https:\/\/api.w.org\/{rel}","templated":true}]}}