{"id":95,"date":"2021-08-24T10:11:41","date_gmt":"2021-08-24T08:11:41","guid":{"rendered":"http:\/\/sandraleger.fr\/?page_id=95"},"modified":"2025-01-09T18:53:15","modified_gmt":"2025-01-09T17:53:15","slug":"modalites-et-tarifs","status":"publish","type":"page","link":"https:\/\/sandraleger.fr\/?page_id=95","title":{"rendered":"Modalit\u00e9s et tarifs"},"content":{"rendered":"<p style=\"text-align:left;\">Les s\u00e9ances sont payables par ch\u00e8que , esp\u00e8ces ou virement bancaire.<\/p>\n<p style=\"text-align:left;\">Merci de bien vouloir pr\u00e9venir pour toute annulation ou report, au moins 48 heures \u00e0 l &lsquo;avance.<\/p>\n<p style=\"text-align:left;\">A ce jour, la s\u00e9curit\u00e9 sociale ne prend pas en charge les s\u00e9ances de th\u00e9rapie, toutefois certaines mutuelles le proposent.<\/p>\n<p style=\"text-align:left;\">Possibilit\u00e9 d&rsquo;\u00e9tablir une facture \u00e0 l&rsquo;issue de chaque s\u00e9ance sur demande.<\/p>\n<p style=\"text-align:left;\"><strong>TARIFS:<\/strong><\/p>\n<p style=\"text-align:left;\">Th\u00e9rapie de couple (1 H): <strong>80 euro<\/strong>s la s\u00e9ance.<\/p>\n<p style=\"text-align:left;\">Th\u00e9rapie familiale (1 H): <strong>80 euros <\/strong>la s\u00e9ance.<\/p>\n<p>Th\u00e9rapie familiale 5 personnes et +(1H):<strong>100 euros<\/strong> la s\u00e9ance.<\/p>\n<p style=\"text-align:left;\">Th\u00e9rapie individuelle (1H): <strong>60 euro<\/strong>s la s\u00e9ance.<\/p>\n<p>S\u00e9ance EMDR-DSA (1h): <strong>80 euros<\/strong> la s\u00e9ance.<\/p>\n","protected":false},"excerpt":{"rendered":"<p>Les s\u00e9ances sont payables par ch\u00e8que , esp\u00e8ces ou virement bancaire. Merci de bien vouloir pr\u00e9venir pour toute annulation ou report, au moins 48 heures \u00e0 l &lsquo;avance. A ce jour, la s\u00e9curit\u00e9 sociale ne prend pas en charge les s\u00e9ances de th\u00e9rapie, toutefois certaines mutuelles le proposent. Possibilit\u00e9 d&rsquo;\u00e9tablir une facture \u00e0 l&rsquo;issue de &hellip; <\/p>\n<p class=\"link-more\"><a href=\"https:\/\/sandraleger.fr\/?page_id=95\" class=\"more-link\">Continuer la lecture<span class=\"screen-reader-text\"> de &laquo;&nbsp;Modalit\u00e9s et tarifs&nbsp;&raquo;<\/span><\/a><\/p>\n","protected":false},"author":2,"featured_media":0,"parent":0,"menu_order":0,"comment_status":"closed","ping_status":"closed","template":"","meta":{"spay_email":""},"_links":{"self":[{"href":"https:\/\/sandraleger.fr\/index.php?rest_route=\/wp\/v2\/pages\/95"}],"collection":[{"href":"https:\/\/sandraleger.fr\/index.php?rest_route=\/wp\/v2\/pages"}],"about":[{"href":"https:\/\/sandraleger.fr\/index.php?rest_route=\/wp\/v2\/types\/page"}],"author":[{"embeddable":true,"href":"https:\/\/sandraleger.fr\/index.php?rest_route=\/wp\/v2\/users\/2"}],"replies":[{"embeddable":true,"href":"https:\/\/sandraleger.fr\/index.php?rest_route=%2Fwp%2Fv2%2Fcomments&post=95"}],"version-history":[{"count":9,"href":"https:\/\/sandraleger.fr\/index.php?rest_route=\/wp\/v2\/pages\/95\/revisions"}],"predecessor-version":[{"id":185,"href":"https:\/\/sandraleger.fr\/index.php?rest_route=\/wp\/v2\/pages\/95\/revisions\/185"}],"wp:attachment":[{"href":"https:\/\/sandraleger.fr\/index.php?rest_route=%2Fwp%2Fv2%2Fmedia&parent=95"}],"curies":[{"name":"wp","href":"https:\/\/api.w.org\/{rel}","templated":true}]}}