{"id":179,"date":"2023-05-02T15:45:57","date_gmt":"2023-05-02T13:45:57","guid":{"rendered":"https:\/\/sandraleger.fr\/?page_id=179"},"modified":"2023-05-02T15:45:58","modified_gmt":"2023-05-02T13:45:58","slug":"emdr-dsa","status":"publish","type":"page","link":"https:\/\/sandraleger.fr\/?page_id=179","title":{"rendered":"EMDR-DSA"},"content":{"rendered":"\n<p><strong>E<\/strong>ye <strong>M<\/strong>ovement Desentsitization er reprocessing &#8211; \u00a0<strong>D<\/strong>\u00e9sensibilisation par<strong> S<\/strong>timulations <strong>A<\/strong>ltern\u00e9es.<\/p>\n\n\n\n<p>L objectif est de diminuer la charge \u00e9motionnelle associ\u00e9e \u00e0 un  traumatisme. (tout \u00e9v\u00e9nement  dont on peut dire qu il y a eut un avant et un apr\u00e8s et dont l &lsquo;\u00e9vocation est encore charg\u00e9e  emotionellement \u00ab\u00a0ici et maintenant\u00a0\u00bb. )<\/p>\n\n\n\n<p>D\u00e9velopp\u00e9e dans les ann\u00e9es 80 par Francine Shapiro, cette th\u00e9rapie dite br\u00e8ve se base sur la simulation altern\u00e9e des mouvements de yeux.<\/p>\n\n\n\n<p>Nous vivons tous, tout au long de notre vie des \u00e9v\u00e8nements plus ou moins difficiles, parfois tr\u00e8s difficiles parfois moins et le temps passe, on les dig\u00e8re, on peut y repenser sans \u00e9motions. notre cerveau est capable naturellement de les \u00ab\u00a0traiter\u00a0\u00bb.  Mais parfois pour des raisons qu&rsquo; on ignore, certains \u00e9v\u00e8nements ne sont pas \u00ab\u00a0dig\u00e9r\u00e9s\u00a0\u00bb, ils nous restent en travers de la gorge, sur l&rsquo;estomac, on se sait pas quoi en faire alors notre cerveau va les stocker dans la memoire traumatique.<\/p>\n\n\n\n<p>L&rsquo; EMDR -DSA permet de r\u00e9activer ce processus naturel par des stimulations altern\u00e9es et ceci en suvant un protocole.<\/p>\n\n\n\n<p><em><strong>les principaux motifs de consultation:<\/strong><\/em><\/p>\n\n\n\n<ul><li>deuil<\/li><li>syndrome post traumatique<\/li><li>traumatisme<\/li><li>phobies, peurs , blocage<\/li><li>anxiete, panique<\/li><li>manque de confiance en soi<\/li><\/ul>\n","protected":false},"excerpt":{"rendered":"<p>Eye Movement Desentsitization er reprocessing &#8211; \u00a0D\u00e9sensibilisation par Stimulations Altern\u00e9es. L objectif est de diminuer la charge \u00e9motionnelle associ\u00e9e \u00e0 un traumatisme. (tout \u00e9v\u00e9nement dont on peut dire qu il y a eut un avant et un apr\u00e8s et dont l &lsquo;\u00e9vocation est encore charg\u00e9e emotionellement \u00ab\u00a0ici et maintenant\u00a0\u00bb. ) D\u00e9velopp\u00e9e dans les ann\u00e9es 80 &hellip; <\/p>\n<p class=\"link-more\"><a href=\"https:\/\/sandraleger.fr\/?page_id=179\" class=\"more-link\">Continuer la lecture<span class=\"screen-reader-text\"> de &laquo;&nbsp;EMDR-DSA&nbsp;&raquo;<\/span><\/a><\/p>\n","protected":false},"author":1,"featured_media":0,"parent":0,"menu_order":0,"comment_status":"closed","ping_status":"closed","template":"","meta":{"spay_email":""},"_links":{"self":[{"href":"https:\/\/sandraleger.fr\/index.php?rest_route=\/wp\/v2\/pages\/179"}],"collection":[{"href":"https:\/\/sandraleger.fr\/index.php?rest_route=\/wp\/v2\/pages"}],"about":[{"href":"https:\/\/sandraleger.fr\/index.php?rest_route=\/wp\/v2\/types\/page"}],"author":[{"embeddable":true,"href":"https:\/\/sandraleger.fr\/index.php?rest_route=\/wp\/v2\/users\/1"}],"replies":[{"embeddable":true,"href":"https:\/\/sandraleger.fr\/index.php?rest_route=%2Fwp%2Fv2%2Fcomments&post=179"}],"version-history":[{"count":1,"href":"https:\/\/sandraleger.fr\/index.php?rest_route=\/wp\/v2\/pages\/179\/revisions"}],"predecessor-version":[{"id":180,"href":"https:\/\/sandraleger.fr\/index.php?rest_route=\/wp\/v2\/pages\/179\/revisions\/180"}],"wp:attachment":[{"href":"https:\/\/sandraleger.fr\/index.php?rest_route=%2Fwp%2Fv2%2Fmedia&parent=179"}],"curies":[{"name":"wp","href":"https:\/\/api.w.org\/{rel}","templated":true}]}}